{"id":1313,"date":"2021-03-23T19:59:04","date_gmt":"2021-03-24T02:59:04","guid":{"rendered":"https:\/\/jessicanotini.com\/?page_id=1313"},"modified":"2021-06-27T15:50:56","modified_gmt":"2021-06-27T22:50:56","slug":"acerca-de-espanol","status":"publish","type":"page","link":"https:\/\/jessicanotini.com\/website\/acerca-de-espanol\/","title":{"rendered":"Servicios en Espanol"},"content":{"rendered":"\n\n\t<p><img data-recalc-dims=\"1\" loading=\"lazy\" decoding=\"async\" src=\"https:\/\/i0.wp.com\/jessicanotini.com\/website\/wp-content\/uploads\/2014\/06\/Jessica_gate_300x394.jpg?resize=300%2C394&#038;ssl=1\" alt=\"Jessica Notini\" width=\"300\" height=\"394\" \/>Jessica habla espa\u00f1ol con soltura despu\u00e9s de varios a\u00f1os viviendo en Espa\u00f1a y mucha experiencia ofreciendo sus cursos en pa\u00edses latinos como Per\u00fa, Ecuador, M\u00e9xico, Puerto Rico y Cuba.<\/p>\n<p>Jessica es una persona que conecta a la gente personalmente y profesionalmente. Act\u00faa como puente, ayudando a las partes a llegar a la resoluci\u00f3n en las mediaciones, conectando a los participantes de sus talleres con nuevas t\u00e9cnicas y conceptos, y facilitando a los miembros de grupos a trabajar de manera m\u00e1s eficaz, aumentando su sentido de tener metas compartidas y comunidad. En el mundo latino, Jessica se conoce principalmente como entrenadora aunque ofrece todos sus servicios en castellano, inclusive la mediaci\u00f3n y la facilitaci\u00f3n.<\/p>\n<p>Jessica empez\u00f3 a trabajar como entrenadora en 1996 y ha encontrado que este trabajo le inspira y le permite expresar la gama completa de su personalidad, utilizando humor y t\u00e9cnicas interactivas de improvisaci\u00f3n para dar vida a sus clases y talleres. Hay una demanda alta para su servicio como capacitadora a lo largo de los Estados Unidos e internacionalmente. Ofrece talleres adaptados a las necesidades variadas de distintos profesionales sobre la negociaci\u00f3n, la mediaci\u00f3n, la facilitaci\u00f3n, el liderazgo y la influencia, las habilidades de comunicaci\u00f3n, la resoluci\u00f3n de conflictos y otros temas relacionados.<\/p>\n<p>Jessica es una profesora adjunta en varias escuelas de postgrados, inclusive las facultades de derecho de Stanford, Berkeley y Hastings, y la facultad de negocios de Mills College. Los lideres y los participantes que conocen sus talleres comentan que:<\/p>\n\n<p>Jessica lleg\u00f3 a la mediaci\u00f3n despu\u00e9s de ejercer durante seis a\u00f1os como abogada en el \u00e1rea de medio ambiente. Se inspir\u00f3 por la idea de un camino m\u00e1s eficiente, colaborativo y econ\u00f3mico en la resoluci\u00f3n de conflictos, y descubri\u00f3 que ten\u00eda una habilidad natural como mediadora. Ella ha trabajado como mediadora desde 1994 y ha mediado cientos de casos de muchos tipos variados. Se conoce particularmente por su destreza en los \u00e1reas de herencia, discriminaci\u00f3n en el empleo y contratos. Los abogados que trabajan con ella comentan que:<\/p>\n\n<p>Como complemento a su pr\u00e1ctica de mediaci\u00f3n, Jessica tambi\u00e9n ofrece servicios de facilitaci\u00f3n\u00a0para grupos m\u00e1s grandes que tengan conflicto u simplemente necesiten alguien para dirigir su proceso y ayudarles con mejora de equipo, inclusive el desarrollo claro de temario y metas, mejora en la resoluci\u00f3n de problemas y la toma de decisiones. Los grupos que trabajan con ella comentan que:<\/p>\n\n\t\t\t<a href=\"https:\/\/jessicanotini.com\/pagina-de-contacto\/\" target=\"_self\" role=\"button\" rel=\"noopener\">\n\t\t\t\t\t\t\t\u00a1Comun\u00edquese con Jessica hoy!\n\t\t\t\t\t<\/a>\n\n","protected":false},"excerpt":{"rendered":"<p>Jessica habla espa\u00f1ol con soltura despu\u00e9s de varios a\u00f1os viviendo en Espa\u00f1a y mucha experiencia ofreciendo sus cursos en pa\u00edses latinos como Per\u00fa, Ecuador, M\u00e9xico, Puerto Rico y Cuba. Jessica es una persona que conecta a la gente personalmente y profesionalmente. Act\u00faa como puente, ayudando a las partes a llegar [&hellip;]<\/p>\n","protected":false},"author":1,"featured_media":0,"parent":0,"menu_order":0,"comment_status":"closed","ping_status":"closed","template":"page-templates\/full-width-builder-bb.php","meta":{"nf_dc_page":"","_crdt_document":"","footnotes":""},"class_list":["post-1313","page","type-page","status-publish","hentry"],"yoast_head":"<!-- This site is optimized with the Yoast SEO plugin v27.4 - https:\/\/yoast.com\/product\/yoast-seo-wordpress\/ -->\n<title>Servicios en Espanol - Jessica Notini<\/title>\n<meta name=\"robots\" content=\"index, follow, max-snippet:-1, max-image-preview:large, max-video-preview:-1\" \/>\n<link rel=\"canonical\" href=\"https:\/\/jessicanotini.com\/website\/acerca-de-espanol\/\" \/>\n<meta property=\"og:locale\" content=\"en_US\" \/>\n<meta property=\"og:type\" content=\"article\" \/>\n<meta property=\"og:title\" content=\"Servicios en Espanol - Jessica Notini\" \/>\n<meta property=\"og:description\" content=\"Jessica habla espa\u00f1ol con soltura despu\u00e9s de varios a\u00f1os viviendo en Espa\u00f1a y mucha experiencia ofreciendo sus cursos en pa\u00edses latinos como Per\u00fa, Ecuador, M\u00e9xico, Puerto Rico y Cuba. Jessica es una persona que conecta a la gente personalmente y profesionalmente. Act\u00faa como puente, ayudando a las partes a llegar [&hellip;]\" \/>\n<meta property=\"og:url\" content=\"https:\/\/jessicanotini.com\/website\/acerca-de-espanol\/\" \/>\n<meta property=\"og:site_name\" content=\"Jessica Notini\" \/>\n<meta property=\"article:modified_time\" content=\"2021-06-27T22:50:56+00:00\" \/>\n<meta property=\"og:image\" content=\"https:\/\/jessicanotini.com\/website\/wp-content\/uploads\/2014\/06\/Jessica_gate_300x394.jpg\" \/>\n<meta name=\"twitter:label1\" content=\"Est. reading time\" \/>\n\t<meta name=\"twitter:data1\" content=\"2 minutes\" \/>\n<script type=\"application\/ld+json\" class=\"yoast-schema-graph\">{\"@context\":\"https:\\\/\\\/schema.org\",\"@graph\":[{\"@type\":\"WebPage\",\"@id\":\"https:\\\/\\\/jessicanotini.com\\\/website\\\/acerca-de-espanol\\\/\",\"url\":\"https:\\\/\\\/jessicanotini.com\\\/website\\\/acerca-de-espanol\\\/\",\"name\":\"Servicios en Espanol - Jessica Notini\",\"isPartOf\":{\"@id\":\"https:\\\/\\\/jessicanotini.com\\\/website\\\/#website\"},\"primaryImageOfPage\":{\"@id\":\"https:\\\/\\\/jessicanotini.com\\\/website\\\/acerca-de-espanol\\\/#primaryimage\"},\"image\":{\"@id\":\"https:\\\/\\\/jessicanotini.com\\\/website\\\/acerca-de-espanol\\\/#primaryimage\"},\"thumbnailUrl\":\"https:\\\/\\\/jessicanotini.com\\\/website\\\/wp-content\\\/uploads\\\/2014\\\/06\\\/Jessica_gate_300x394.jpg\",\"datePublished\":\"2021-03-24T02:59:04+00:00\",\"dateModified\":\"2021-06-27T22:50:56+00:00\",\"breadcrumb\":{\"@id\":\"https:\\\/\\\/jessicanotini.com\\\/website\\\/acerca-de-espanol\\\/#breadcrumb\"},\"inLanguage\":\"en-US\",\"potentialAction\":[{\"@type\":\"ReadAction\",\"target\":[\"https:\\\/\\\/jessicanotini.com\\\/website\\\/acerca-de-espanol\\\/\"]}]},{\"@type\":\"ImageObject\",\"inLanguage\":\"en-US\",\"@id\":\"https:\\\/\\\/jessicanotini.com\\\/website\\\/acerca-de-espanol\\\/#primaryimage\",\"url\":\"https:\\\/\\\/i0.wp.com\\\/jessicanotini.com\\\/website\\\/wp-content\\\/uploads\\\/2014\\\/06\\\/Jessica_gate_300x394.jpg?fit=300%2C394&ssl=1\",\"contentUrl\":\"https:\\\/\\\/i0.wp.com\\\/jessicanotini.com\\\/website\\\/wp-content\\\/uploads\\\/2014\\\/06\\\/Jessica_gate_300x394.jpg?fit=300%2C394&ssl=1\",\"width\":300,\"height\":394},{\"@type\":\"BreadcrumbList\",\"@id\":\"https:\\\/\\\/jessicanotini.com\\\/website\\\/acerca-de-espanol\\\/#breadcrumb\",\"itemListElement\":[{\"@type\":\"ListItem\",\"position\":1,\"name\":\"Home\",\"item\":\"https:\\\/\\\/jessicanotini.com\\\/website\\\/\"},{\"@type\":\"ListItem\",\"position\":2,\"name\":\"Servicios en Espanol\"}]},{\"@type\":\"WebSite\",\"@id\":\"https:\\\/\\\/jessicanotini.com\\\/website\\\/#website\",\"url\":\"https:\\\/\\\/jessicanotini.com\\\/website\\\/\",\"name\":\"Jessica Notini\",\"description\":\"Mediation, Facilitation &amp; Training\",\"publisher\":{\"@id\":\"https:\\\/\\\/jessicanotini.com\\\/website\\\/#organization\"},\"potentialAction\":[{\"@type\":\"SearchAction\",\"target\":{\"@type\":\"EntryPoint\",\"urlTemplate\":\"https:\\\/\\\/jessicanotini.com\\\/website\\\/?s={search_term_string}\"},\"query-input\":{\"@type\":\"PropertyValueSpecification\",\"valueRequired\":true,\"valueName\":\"search_term_string\"}}],\"inLanguage\":\"en-US\"},{\"@type\":\"Organization\",\"@id\":\"https:\\\/\\\/jessicanotini.com\\\/website\\\/#organization\",\"name\":\"Jessica Notini\",\"url\":\"https:\\\/\\\/jessicanotini.com\\\/website\\\/\",\"logo\":{\"@type\":\"ImageObject\",\"inLanguage\":\"en-US\",\"@id\":\"https:\\\/\\\/jessicanotini.com\\\/website\\\/#\\\/schema\\\/logo\\\/image\\\/\",\"url\":\"https:\\\/\\\/i0.wp.com\\\/jessicanotini.com\\\/website\\\/wp-content\\\/uploads\\\/cropped-Copy-of-Jessica-Notini-Logo-3-1.png?fit=600%2C150&ssl=1\",\"contentUrl\":\"https:\\\/\\\/i0.wp.com\\\/jessicanotini.com\\\/website\\\/wp-content\\\/uploads\\\/cropped-Copy-of-Jessica-Notini-Logo-3-1.png?fit=600%2C150&ssl=1\",\"width\":600,\"height\":150,\"caption\":\"Jessica Notini\"},\"image\":{\"@id\":\"https:\\\/\\\/jessicanotini.com\\\/website\\\/#\\\/schema\\\/logo\\\/image\\\/\"}}]}<\/script>\n<!-- \/ Yoast SEO plugin. -->","yoast_head_json":{"title":"Servicios en Espanol - Jessica Notini","robots":{"index":"index","follow":"follow","max-snippet":"max-snippet:-1","max-image-preview":"max-image-preview:large","max-video-preview":"max-video-preview:-1"},"canonical":"https:\/\/jessicanotini.com\/website\/acerca-de-espanol\/","og_locale":"en_US","og_type":"article","og_title":"Servicios en Espanol - Jessica Notini","og_description":"Jessica habla espa\u00f1ol con soltura despu\u00e9s de varios a\u00f1os viviendo en Espa\u00f1a y mucha experiencia ofreciendo sus cursos en pa\u00edses latinos como Per\u00fa, Ecuador, M\u00e9xico, Puerto Rico y Cuba. Jessica es una persona que conecta a la gente personalmente y profesionalmente. Act\u00faa como puente, ayudando a las partes a llegar [&hellip;]","og_url":"https:\/\/jessicanotini.com\/website\/acerca-de-espanol\/","og_site_name":"Jessica Notini","article_modified_time":"2021-06-27T22:50:56+00:00","og_image":[{"url":"https:\/\/jessicanotini.com\/website\/wp-content\/uploads\/2014\/06\/Jessica_gate_300x394.jpg","type":"","width":"","height":""}],"twitter_misc":{"Est. reading time":"2 minutes"},"schema":{"@context":"https:\/\/schema.org","@graph":[{"@type":"WebPage","@id":"https:\/\/jessicanotini.com\/website\/acerca-de-espanol\/","url":"https:\/\/jessicanotini.com\/website\/acerca-de-espanol\/","name":"Servicios en Espanol - Jessica Notini","isPartOf":{"@id":"https:\/\/jessicanotini.com\/website\/#website"},"primaryImageOfPage":{"@id":"https:\/\/jessicanotini.com\/website\/acerca-de-espanol\/#primaryimage"},"image":{"@id":"https:\/\/jessicanotini.com\/website\/acerca-de-espanol\/#primaryimage"},"thumbnailUrl":"https:\/\/jessicanotini.com\/website\/wp-content\/uploads\/2014\/06\/Jessica_gate_300x394.jpg","datePublished":"2021-03-24T02:59:04+00:00","dateModified":"2021-06-27T22:50:56+00:00","breadcrumb":{"@id":"https:\/\/jessicanotini.com\/website\/acerca-de-espanol\/#breadcrumb"},"inLanguage":"en-US","potentialAction":[{"@type":"ReadAction","target":["https:\/\/jessicanotini.com\/website\/acerca-de-espanol\/"]}]},{"@type":"ImageObject","inLanguage":"en-US","@id":"https:\/\/jessicanotini.com\/website\/acerca-de-espanol\/#primaryimage","url":"https:\/\/i0.wp.com\/jessicanotini.com\/website\/wp-content\/uploads\/2014\/06\/Jessica_gate_300x394.jpg?fit=300%2C394&ssl=1","contentUrl":"https:\/\/i0.wp.com\/jessicanotini.com\/website\/wp-content\/uploads\/2014\/06\/Jessica_gate_300x394.jpg?fit=300%2C394&ssl=1","width":300,"height":394},{"@type":"BreadcrumbList","@id":"https:\/\/jessicanotini.com\/website\/acerca-de-espanol\/#breadcrumb","itemListElement":[{"@type":"ListItem","position":1,"name":"Home","item":"https:\/\/jessicanotini.com\/website\/"},{"@type":"ListItem","position":2,"name":"Servicios en Espanol"}]},{"@type":"WebSite","@id":"https:\/\/jessicanotini.com\/website\/#website","url":"https:\/\/jessicanotini.com\/website\/","name":"Jessica Notini","description":"Mediation, Facilitation &amp; Training","publisher":{"@id":"https:\/\/jessicanotini.com\/website\/#organization"},"potentialAction":[{"@type":"SearchAction","target":{"@type":"EntryPoint","urlTemplate":"https:\/\/jessicanotini.com\/website\/?s={search_term_string}"},"query-input":{"@type":"PropertyValueSpecification","valueRequired":true,"valueName":"search_term_string"}}],"inLanguage":"en-US"},{"@type":"Organization","@id":"https:\/\/jessicanotini.com\/website\/#organization","name":"Jessica Notini","url":"https:\/\/jessicanotini.com\/website\/","logo":{"@type":"ImageObject","inLanguage":"en-US","@id":"https:\/\/jessicanotini.com\/website\/#\/schema\/logo\/image\/","url":"https:\/\/i0.wp.com\/jessicanotini.com\/website\/wp-content\/uploads\/cropped-Copy-of-Jessica-Notini-Logo-3-1.png?fit=600%2C150&ssl=1","contentUrl":"https:\/\/i0.wp.com\/jessicanotini.com\/website\/wp-content\/uploads\/cropped-Copy-of-Jessica-Notini-Logo-3-1.png?fit=600%2C150&ssl=1","width":600,"height":150,"caption":"Jessica Notini"},"image":{"@id":"https:\/\/jessicanotini.com\/website\/#\/schema\/logo\/image\/"}}]}},"jetpack_sharing_enabled":true,"_links":{"self":[{"href":"https:\/\/jessicanotini.com\/website\/wp-json\/wp\/v2\/pages\/1313","targetHints":{"allow":["GET"]}}],"collection":[{"href":"https:\/\/jessicanotini.com\/website\/wp-json\/wp\/v2\/pages"}],"about":[{"href":"https:\/\/jessicanotini.com\/website\/wp-json\/wp\/v2\/types\/page"}],"author":[{"embeddable":true,"href":"https:\/\/jessicanotini.com\/website\/wp-json\/wp\/v2\/users\/1"}],"replies":[{"embeddable":true,"href":"https:\/\/jessicanotini.com\/website\/wp-json\/wp\/v2\/comments?post=1313"}],"version-history":[{"count":10,"href":"https:\/\/jessicanotini.com\/website\/wp-json\/wp\/v2\/pages\/1313\/revisions"}],"predecessor-version":[{"id":1573,"href":"https:\/\/jessicanotini.com\/website\/wp-json\/wp\/v2\/pages\/1313\/revisions\/1573"}],"wp:attachment":[{"href":"https:\/\/jessicanotini.com\/website\/wp-json\/wp\/v2\/media?parent=1313"}],"curies":[{"name":"wp","href":"https:\/\/api.w.org\/{rel}","templated":true}]}}